What are the prime factors of 1606?
2, 11, 73
What are the prime factors of 108550?
2, 5, 13, 167
List the prime factors of 9382.
2, 4691
What are the prime factors of 884?
2, 13, 17
List the prime factors of 2477.
2477
List the prime factors of 80230.
2, 5, 71, 113
What are the prime factors of 7564?
2, 31, 61
What are the prime factors of 13040?
2, 5, 163
List the prime factors of 14267.
11, 1297
List the prime factors of 1118.
2, 13, 43
List the prime factors of 21103.
47, 449
What are the prime factors of 142814?
2, 7, 101
What are the prime factors of 57805?
5, 11, 1051
What are the prime factors of 712?
2, 89
What are the prime factors of 2392?
2, 13, 23
What are the prime factors of 21538?
2, 11, 89
List the prime factors of 74.
2, 37
What are the prime factors of 4826?
2, 19, 127
List the prime factors of 4109.
7, 587
List the prime factors of 163.
163
List the prime factors of 1031.
1031
What are the prime factors of 24136?
2, 7, 431
What are the prime factors of 451?
11, 41
What are the prime factors of 142320?
2, 3, 5, 593
What are the prime factors of 724?
2, 181
List the prime factors of 89793.
3, 11, 907
What are the prime factors of 2450?
2, 5, 7
List the prime factors of 16363.
16363
What are the prime factors of 23222?
2, 17, 683
What are the prime factors of 990?
2, 3, 5, 11
What are the prime factors of 1492?
2, 373
List the prime factors of 91802.
2, 197, 233
List the prime factors of 1640.
2, 5, 41
List the prime factors of 1195.
5, 239
List the prime factors of 9738.
2, 3, 541
What are the prime factors of 41211?
3, 19, 241
What are the prime factors of 51534?
2, 3, 7, 409
List the prime factors of 32955.
3, 5, 13
What are the prime factors of 325?
5, 13
What are the prime factors of 26300?
2, 5, 263
List the prime factors of 2377.
2377
What are the prime factors of 51041?
43, 1187
What are the prime factors of 863?
863
What are the prime factors of 1055?
5, 211
What are the prime factors of 3515?
5, 19, 37
List the prime factors of 7306.
2, 13, 281
List the prime factors of 1667.
1667
What are the prime factors of 1085?
5, 7, 31
What are the prime factors of 2132?
2, 13, 41
What are the prime factors of 13366?
2, 41, 163
List the prime factors of 71896.
2, 11, 19, 43
List the prime factors of 15884.
2, 11, 19
What are the prime factors of 9205?
5, 7, 263
What are the prime factors of 29056?
2, 227
List the prime factors of 1799.
7, 257
What are the prime factors of 8047?
13, 619
List the prime factors of 163131.
3, 54377
What are the prime factors of 111375?
3, 5, 11
List the prime factors of 25857.
3, 13, 17
What are the prime factors of 695?
5, 139
What are the prime factors of 177518?
2, 11, 8069
List the prime factors of 685.
5, 137
What are the prime factors of 3850?
2, 5, 7, 11
What are the prime factors of 19542?
2, 3, 3257
List the prime factors of 2384.
2, 149
List the prime factors of 115370.
2, 5, 83, 139
List the prime factors of 3671.
3671
List the prime factors of 23675.
5, 947
List the prime factors of 910.
2, 5, 7, 13
What are the prime factors of 1989?
3, 13, 17
List the prime factors of 5199.
3, 1733
List the prime factors of 708.
2, 3, 59
What are the prime factors of 20062?
2, 7, 1433
What are the prime factors of 8636?
2, 17, 127
List the prime factors of 12930.
2, 3, 5, 431
What are the prime factors of 1641?
3, 547
What are the prime factors of 16101?
3, 1789
What are the prime factors of 148?
2, 37
List the prime factors of 45791.
29, 1579
What are the prime factors of 3114?
2, 3, 173
What are the prime factors of 8097?
3, 2699
What are the prime factors of 1052?
2, 263
What are the prime factors of 1079?
13, 83
What are the prime factors of 52718?
2, 43, 613
What are the prime factors of 24743?
109, 227
List the prime factors of 36483.
3, 12161
What are the prime factors of 43148?
2, 7, 23, 67
What are the prime factors of 12182?
2, 6091
List the prime factors of 10003.
7, 1429
What are the prime factors of 7664?
2, 479
What are the prime factors of 4983?
3, 11, 151
What are the prime factors of 4483?
4483
List the prime factors of 1196.
2, 13, 23
List the prime factors of 1439.
1439
List the prime factors of 330.
2, 3, 5, 11
List the prime factors of 677.
677
List the prime factors of 7094.
2, 3547
List the prime factors of 27042.
2, 3, 4507
What are the prime factors of 3289?
11, 13, 23
List the prime factors of 816.
2, 3, 17
List the prime factors of 63295.
5, 12659
What are the prime factors of 16206?
2, 3, 37, 73
What are the prime factors of 2532?
2, 3, 211
List the prime factors of 44095.
5, 8819
List the prime factors of 188860.
2, 5, 7, 19, 71
List the prime factors of 35272.
2, 4409
List the prime factors of 15491.
7, 2213
List the prime factors of 540.
2, 3, 5
List the prime factors of 271.
271
What are the prime factors of 16442?
2, 8221
What are the prime factors of 1137?
3, 379
What are the prime factors of 1684?
2, 421
What are the prime factors of 1208?
2, 151
What are the prime factors of 209?
11, 19
List the prime factors of 170315.
5, 23, 1481
List the prime factors of 148161.
3, 13, 29, 131
What are the prime factors of 1071?
3, 7, 17
What are the prime factors of 164?
2, 41
What are the prime factors of 91973?
7, 1877
List the prime factors of 5317.
13, 409
List the prime factors of 3541.
3541
List the prime factors of 116359.
116359
List the prime factors of 4415.
5, 883
What are the prime factors of 2316?
2, 3, 193
What are the prime factors of 10497?
3, 3499
What are the prime factors of 14769?
3, 547
List the prime factors of 11573.
71, 163
List the prime factors of 1175.
5, 47
What are the prime factors of 3567?
3, 29, 41
List the prime factors of 157.
157
List the prime factors of 18361.
7, 43, 61
What are the prime factors of 2193?
3, 17, 43
What are the prime factors of 9921?
3, 3307
What are the prime factors of 49?
7
List the prime factors of 22393.
7, 457
What are the prime factors of 2924?
2, 17, 43
List the prime factors of 26369.
7, 3767
What are the prime factors of 101353?
7, 14479
List the prime factors of 67139.
67139
What are the prime factors of 9657?
3, 29, 37
List the prime factors of 366.
2, 3, 61
What are the prime factors of 27203?
11, 2473
List the prime factors of 50648.
2, 13, 487
List the prime factors of 1389.
3, 463
List the prime factors of 7558.
2, 3779
List the prime factors of 947.
947
List the prime factors of 922.
2, 461
What are the prime factors of 5151?
3, 17, 101
List the prime factors of 4067.
7, 83
List the prime factors of 21254.
2, 10627
List the prime factors of 21086.
2, 13, 811
List the prime factors of 3657.
3, 23, 53
List the prime factors of 781.
11, 71
What are the prime factors of 61349?
31, 1979
List the prime factors of 800.
2, 5
List the prime factors of 1036.
2, 7, 37
What are the prime factors of 16935?
3, 5, 1129
List the prime factors of 2090.
2, 5, 11, 19
What are the prime factors of 2363?
17, 139
List the prime factors of 5100.
2, 3, 5, 17
What are the prime factors of 1439?
1439
List the prime factors of 289.
17
List the prime factors of 14519.
14519
List the prime factors of 4179.
3, 7, 199
List the prime factors of 731.
17, 43
List the prime factors of 918.
2, 3, 17
List the prime factors of 29023.
29023
List the prime factors of 14479.
14479
List the prime factors of 6304.
2, 197
What are the prime factors of 72453?
3, 24151
What are the prime factors of 2423?
2423
What are the prime factors of 18173?
17, 1069
What are the prime factors of 1287?
3, 11, 13
List the prime factors of 2492.
2, 7, 89
List the prime factors of 131899.
131899
What are the prime factors of 5061?
3, 7, 241
List the prime factors of 169739.
269, 631
List the prime factors of 3911.
3911
What are the prime factors of 512?
2
List the prime factors of 1878.
2, 3, 313
What are the prime factors of 2171?
13, 167
List the prime factors of 16008.
2, 3, 23, 29
What are the prime factors of 71?
71
List the prime factors of 1335.
3, 5, 89
List the prime factors of 11132.
2, 11, 23
What are the prime factors of 85270?
2, 5, 8527
List the prime factors of 32927.
19, 1733
What are the prime factors of 1858?
2, 929
What are the prime factors of 36799?
7, 751
What are the prime factors of 1502?
2, 751
What are the prime factors of 766?
2, 383
List